3?
801
What is the greatest common factor of 118932330 and 1485?
165
Calculate the greatest common factor of 450 and 16339014.
18
What is the highest common factor of 4323 and 5004549?
33
Calculate the greatest common factor of 2232 and 679923.
279
What is the highest common factor of 564 and 34661784?
12
What is the greatest common factor of 549552 and 135034?
214
What is the greatest common factor of 2862784570 and 94?
94
Calculate the highest common divisor of 1220 and 1425997000.
1220
What is the greatest common factor of 2440 and 6729215?
305
Calculate the greatest common factor of 2 and 223200978.
2
Calculate the highest common divisor of 35390580 and 146686.
2066
Calculate the greatest common factor of 4224 and 228503.
11
Calculate the highest common factor of 13563 and 6039.
99
What is the greatest common factor of 1118 and 116769166?
86
What is the highest common divisor of 5976 and 13872786?
498
What is the highest common factor of 990 and 43285?
55
Calculate the highest common factor of 95273935 and 2162.
1081
What is the highest common divisor of 31508038 and 136?
34
Calculate the highest common factor of 1725648666 and 883.
883
What is the highest common factor of 5039601 and 2989?
49
Calculate the greatest common factor of 74594 and 71001710.
3926
What is the highest common divisor of 316711863 and 729?
729
Calculate the highest common divisor of 237993 and 83055.
147
Calculate the highest common divisor of 231 and 41546428.
77
What is the highest common factor of 2563164 and 5616?
108
What is the greatest common factor of 18261801 and 27?
27
What is the highest common divisor of 2732566160 and 12560?
12560
What is the highest common factor of 12856606 and 266?
14
What is the highest common divisor of 6 and 8848656?
6
Calculate the greatest common factor of 104112 and 7098896.
3856
What is the greatest common factor of 2276 and 24172?
4
Calculate the greatest common factor of 5376 and 1299522.
42
What is the greatest common divisor of 46483345 and 4615?
355
Calculate the greatest common factor of 1550 and 17317654.
62
Calculate the highest common divisor of 3150 and 10778040.
630
What is the greatest common factor of 2160326 and 102977?
2191
What is the highest common factor of 58268990 and 590?
590
What is the highest common divisor of 602510018 and 44?
22
Calculate the greatest common divisor of 22 and 63941647.
11
What is the highest common divisor of 1374314 and 544?
34
Calculate the highest common divisor of 72800800 and 15264.
1696
Calculate the greatest common divisor of 492 and 127614714.
246
What is the highest common divisor of 313205156 and 18678?
6226
Calculate the highest common divisor of 36124386 and 35534.
326
Calculate the highest common divisor of 942603 and 4194218.
7307
Calculate the greatest common factor of 106280414 and 10766.
1538
Calculate the highest common divisor of 3591336 and 21224.
56
What is the highest common divisor of 176 and 14906224?
16
What is the highest common divisor of 133934 and 3212812?
802
Calculate the greatest common divisor of 74282480 and 40.
40
What is the highest common factor of 19183012 and 368?
92
Calculate the highest common factor of 71446078 and 22.
22
What is the highest common factor of 2301 and 5365401?
177
What is the greatest common factor of 2201909 and 1853?
109
What is the highest common divisor of 104397084 and 339?
339
Calculate the highest common divisor of 70784 and 9438604.
2212
What is the highest common divisor of 234611 and 689?
13
Calculate the highest common factor of 9893232 and 3159.
27
Calculate the highest common factor of 4760 and 23460360.
280
What is the highest common factor of 840 and 9842840?
280
Calculate the greatest common factor of 134 and 30902.
2
Calculate the highest common factor of 104 and 386841442.
26
What is the greatest common divisor of 55185 and 13065?
195
What is the highest common factor of 22165607 and 9593?
53
What is the highest common factor of 388167 and 444?
111
What is the greatest common divisor of 221131 and 86338?
881
Calculate the greatest common divisor of 553 and 158501.
7
What is the highest common divisor of 5180 and 82250?
70
What is the highest common divisor of 10285554 and 5589?
69
Calculate the greatest common factor of 115818030 and 180.
90
What is the highest common divisor of 41268177 and 39609?
4401
Calculate the greatest common divisor of 363075813 and 1116.
279
Calculate the highest common factor of 94136900 and 145.
145
Calculate the greatest common divisor of 2898 and 502341390.
414
Calculate the highest common factor of 302063413 and 4243.
4243
What is the greatest common factor of 1420382 and 8802?
326
Calculate the greatest common factor of 753740 and 40.
20
What is the greatest common factor of 20458401 and 5895?
393
Calculate the greatest common factor of 8824 and 323864.
8
What is the highest common factor of 20 and 661730270?
10
Calculate the highest common divisor of 10422741 and 7235.
1447
What is the highest common divisor of 4308843 and 74382?
5313
Calculate the highest common divisor of 286591670 and 4110.
1370
Calculate the greatest common divisor of 11554 and 61745.
53
Calculate the highest common factor of 20 and 18779020.
20
Calculate the highest common divisor of 1066047 and 27.
3
What is the highest common divisor of 6902 and 12447264?
986
What is the highest common factor of 22062 and 13260?
6
What is the greatest common divisor of 74338406 and 2938?
226
Calculate the greatest common divisor of 13011375 and 5338.
2669
What is the highest common factor of 2042125 and 2720?
85
Calculate the greatest common factor of 2886 and 9498.
6
What is the highest common divisor of 35182964 and 1337?
191
Calculate the greatest common factor of 6764705 and 35680.
1115
What is the greatest common divisor of 277160 and 4961?
41
Calculate the highest common divisor of 111976 and 888.
8
What is the greatest common divisor of 53366 and 306?
2
What is the highest common factor of 8119 and 41791?
23
What is the highest common factor of 233616 and 6528?
48
What is the greatest common divisor of 3 and 276563?
1
What is the highest common divisor of 310215536 and 736?
368
What is the highest common factor of 560 and 1232658?
14
Calculate the highest common divisor of 346760 and 8160.
40
What is the greatest common factor of 19797236 and 3272?
1636
Calculate the highest common factor of 39603 and 1335.
3
What is the highest common divisor of 232530437 and 1649?
1649
What is the greatest common factor of 48301275 and 750?
75
What is the highest common divisor of 16954050 and 510?
30
What is the highest common divisor of 925048 and 256?
8
Calculate the greatest common factor of 18293 and 25112963.
1663
Calculate the greatest common divisor of 8855 and 23672957.
1771
Calculate the greatest common factor of 32115856 and 16.
16
Calculate the highest common factor of 3096 and 205202364.
516
Calculate the highest common divisor of 1315933 and 29.
29
Calculate the greatest common divisor of 457425 and 172425.
1425
Calculate the greatest common factor of 24543 and 227250.
909
Calculate the greatest common factor of 596 and 895793066.
298
Calculate the greatest common factor of 11092 and 3759421.
59
What is the greatest common factor of 100198 and 87822?
238
What is the highest common divisor of 1091740 and 10355?
95
What is the highest common divisor of 448 and 898266208?
224
What is the highest common divisor of 11 and 215953727?
11
What is the greatest common divisor of 11301318 and 882?
126
What is the greatest common divisor of 12153 and 67615241?
4051
What is the highest common divisor of 28291 and 233015099?
1489
What is the greatest common divisor of 140141093 and 7429?
437
What is the highest common divisor of 5283693 and 6768?
423
What is the highest common divisor of 38213 and 801752?
721
What is the greatest common divisor of 93 and 1750463670?
93
What is the greatest common divisor of 819 and 27699?
21
Calculate the highest common divisor of 2832 and 4091768.
472
Calculate the greatest common factor of 1332 and 929844558.
666
Calculate the highest common divisor of 12495 and 69661155.
255
Calculate the highest common factor of 803 and 2481562.
73
Calculate the highest common factor of 996 and 601416.
